is divided by 285?
281
What is the remainder when 244987 is divided by 10207?
19
Calculate the remainder when 214831 is divided by 16.
15
What is the remainder when 5203 is divided by 96?
19
What is the remainder when 22114 is divided by 22077?
37
Calculate the remainder when 16327 is divided by 20.
7
Calculate the remainder when 16538 is divided by 759.
599
What is the remainder when 38470 is divided by 237?
76
Calculate the remainder when 19342 is divided by 12.
10
Calculate the remainder when 438 is divided by 408.
30
What is the remainder when 92925 is divided by 30973?
6
What is the remainder when 1013 is divided by 237?
65
Calculate the remainder when 516067 is divided by 94.
7
What is the remainder when 18675 is divided by 256?
243
What is the remainder when 7329223 is divided by 1185?
1183
What is the remainder when 585 is divided by 15?
0
Calculate the remainder when 4781 is divided by 583.
117
Calculate the remainder when 205765 is divided by 27.
25
What is the remainder when 1456569 is divided by 17?
9
Calculate the remainder when 24567 is divided by 210.
207
What is the remainder when 67465 is divided by 527?
9
Calculate the remainder when 2216757 is divided by 20.
17
Calculate the remainder when 715605 is divided by 767.
761
What is the remainder when 1192474 is divided by 13?
10
What is the remainder when 3229 is divided by 14?
9
Calculate the remainder when 3381 is divided by 655.
106
Calculate the remainder when 787698 is divided by 709.
708
What is the remainder when 76719 is divided by 505?
464
What is the remainder when 86093 is divided by 481?
475
What is the remainder when 7574 is divided by 1068?
98
Calculate the remainder when 2377 is divided by 789.
10
Calculate the remainder when 748186 is divided by 9.
7
Calculate the remainder when 38253 is divided by 12743.
24
What is the remainder when 5390 is divided by 278?
108
Calculate the remainder when 259651 is divided by 119.
112
Calculate the remainder when 3265 is divided by 824.
793
What is the remainder when 126858 is divided by 121?
50
What is the remainder when 93835 is divided by 340?
335
Calculate the remainder when 18405 is divided by 1167.
900
Calculate the remainder when 183217 is divided by 87.
82
What is the remainder when 573 is divided by 280?
13
Calculate the remainder when 16668 is divided by 117.
54
What is the remainder when 177270 is divided by 79?
73
Calculate the remainder when 8617 is divided by 163.
141
Calculate the remainder when 87566 is divided by 303.
302
Calculate the remainder when 2844 is divided by 25.
19
Calculate the remainder when 8798 is divided by 2861.
215
Calculate the remainder when 262146 is divided by 171.
3
What is the remainder when 21489 is divided by 5370?
9
What is the remainder when 13229 is divided by 88?
29
What is the remainder when 459795 is divided by 142?
141
Calculate the remainder when 76815 is divided by 340.
315
Calculate the remainder when 3924 is divided by 780.
24
What is the remainder when 349489 is divided by 314?
7
Calculate the remainder when 4072 is divided by 1994.
84
What is the remainder when 1395944 is divided by 2449?
14
Calculate the remainder when 9139 is divided by 2181.
415
Calculate the remainder when 122365 is divided by 40787.
4
What is the remainder when 3807 is divided by 18?
9
Calculate the remainder when 1267 is divided by 414.
25
What is the remainder when 4233560 is divided by 867?
866
What is the remainder when 20479 is divided by 117?
4
What is the remainder when 207 is divided by 29?
4
Calculate the remainder when 1172 is divided by 12.
8
What is the remainder when 16776 is divided by 967?
337
What is the remainder when 1545807 is divided by 772897?
13
Calculate the remainder when 5792 is divided by 33.
17
Calculate the remainder when 2748 is divided by 213.
192
Calculate the remainder when 13304 is divided by 6.
2
What is the remainder when 3470 is divided by 67?
53
What is the remainder when 56466 is divided by 28?
18
Calculate the remainder when 10308 is divided by 647.
603
Calculate the remainder when 1626 is divided by 636.
354
Calculate the remainder when 43945 is divided by 976.
25
What is the remainder when 8215 is divided by 329?
319
Calculate the remainder when 1177 is divided by 27.
16
Calculate the remainder when 143296 is divided by 59.
44
Calculate the remainder when 331 is divided by 15.
1
What is the remainder when 124572 is divided by 1755?
1722
Calculate the remainder when 497424 is divided by 62.
60
Calculate the remainder when 23666 is divided by 4.
2
Calculate the remainder when 34123 is divided by 207.
175
What is the remainder when 2771 is divided by 109?
46
Calculate the remainder when 14908 is divided by 4904.
196
What is the remainder when 7515 is divided by 46?
17
Calculate the remainder when 3530 is divided by 743.
558
What is the remainder when 18295 is divided by 46?
33
Calculate the remainder when 6570 is divided by 149.
14
Calculate the remainder when 3189 is divided by 2966.
223
What is the remainder when 4516 is divided by 981?
592
What is the remainder when 3362 is divided by 837?
14
What is the remainder when 2707 is divided by 171?
142
Calculate the remainder when 2574 is divided by 6.
0
Calculate the remainder when 3351 is divided by 936.
543
Calculate the remainder when 3199 is divided by 443.
98
What is the remainder when 390664 is divided by 109?
8
Calculate the remainder when 5121 is divided by 61.
58
What is the remainder when 303 is divided by 254?
49
Calculate the remainder when 27157 is divided by 1447.
1111
Calculate the remainder when 6569 is divided by 6359.
210
What is the remainder when 599 is divided by 393?
206
What is the remainder when 47334 is divided by 23594?
146
Calculate the remainder when 74857 is divided by 5.
2
Calculate the remainder when 246 is divided by 6.
0
Calculate the remainder when 62098 is divided by 1071.
1051
What is the remainder when 136596 is divided by 43?
28
Calculate the remainder when 53009 is divided by 477.
62
Calculate the remainder when 36638 is divided by 177.
176
Calculate the remainder when 1950 is divided by 246.
228
Calculate the remainder when 544 is divided by 373.
171
What is the remainder when 952648 is divided by 89?
81
Calculate the remainder when 11622 is divided by 56.
30
Calculate the remainder when 3919 is divided by 1957.
5
Calculate the remainder when 208508 is divided by 145.
143
Calculate the remainder when 98 is divided by 58.
40
Calculate the remainder when 115625 is divided by 267.
14
What is the remainder when 766 is divided by 58?
12
What is the remainder when 3473446 is divided by 649?
647
Calculate the remainder when 555083 is divided by 45.
8
What is the remainder when 13997 is divided by 873?
29
Calculate the remainder when 31150 is divided by 2076.
10
Calculate the remainder when 3542 is divided by 349.
52
What is the remainder when 22748 is divided by 22710?
38
What is the remainder when 164151 is divided by 82075?
1
What is the remainder when 38822 is divided by 12904?
110
Calculate the remainder when 11832 is divided by 511.
79
Calculate the remainder when 65889 is divided by 135.
9
Calculate the remainder when 17023 is divided by 200.
23
Calculate the remainder when 18228 is divided by 3020.
108
Calculate the remainder when 284940 is divided by 71234.
4
Calculate the remainder when 24632 is divided by 122.
110
Calculate the remainder when 2956 is divided by 374.
338
What is the remainder when 88499 is divided by 3049?
78
What is the remainder when 92796 is divided by 488?
76
Calculate the remainder when 102708 is divided by 988.
944
What is the remainder when 4887549 is divided by 256?
253
What is the remainder when 4417 is divided by 924?
721
What is the remainder when 1943 is divided by 27?
26
Calculate the remainder when 128597 is divided by 42864.
5
What is the remainder when 2620 is divided by 263?
253
Calculate the remainder when 42531 is divided by 525.
6
What is the remainder when 106455 is divided by 7?
6
Calculate the remainder when 6442 is divided by 802.
26
What is the remainder when 1723 is divided by 829?
65
Calculate the remainder when 21287 is divided by 75.
62
Calculate the remainder when 14081 is divided by 154.
67
What is the remainder when 339077